is the highest common divisor of 352 and p?
11
Suppose 1076 = 2*l + 2*u, -6*l + 5*u = -l - 2670. Let w = l + -104. Suppose 5*c = -3*c + w. Calculate the highest common factor of c and 36.
18
Let z(l) = 15*l - 63. Let b be (1 - 0)/(4/(53 - 1)). Let x be z(b). Calculate the greatest common factor of x and 12.
12
Suppose -y - 10 + 55 = -3*u, 185 = 3*y + u. Let f = -9 - -13. Calculate the highest common factor of f and y.
4
Suppose 0 = 4*t + r - 393, 5*t - 4*r - 1011 + 525 = 0. Calculate the greatest common factor of 896 and t.
14
Suppose 3374 - 1209 = 3*c + 5*u, 2*c + 5*u - 1445 = 0. Suppose 0 = -14*x + 2*x + c. Calculate the greatest common divisor of x and 105.
15
Let v(w) = w**2 + 2*w**2 + 7 + 1 - 17*w. Suppose -19*n + 54 = -10*n. Let d be v(n). What is the greatest common divisor of 56 and d?
14
Let x(f) = -f**3 + 4*f**2 + f + 1. Let s(t) = -3*t + 9. Let u be s(16). Let v = u + 42. Let y be x(v). Calculate the greatest common divisor of y and 52.
13
Let d(l) = -2*l - 78. Let v be d(19). Let i = -96 - v. Let g be -4 + (140 - (0 - 4)). What is the highest common divisor of i and g?
20
Let f(i) = 24*i**2 - i - 4. Let d be f(4). Let u = -205 + d. What is the highest common factor of u and 9?
9
Let m(r) = -109*r + 1492. Let n be m(-11). Calculate the greatest common divisor of 23 and n.
23
Suppose 0 = -5*s - 4*z + 878, 2*s - 350 = 15*z - 16*z. Let a = s + -13. Calculate the highest common factor of a and 69.
23
Let y = 310 + -227. Suppose -87*p = -y*p - 60. Calculate the greatest common divisor of p and 555.
15
Let x be ((-4)/(-5))/((-24)/(-120)). Let n be 13 + x + 2 + -9. Suppose 4*l + 34 = 3*y, l + n = 2*y - 16. Calculate the highest common divisor of 84 and y.
14
Let u(l) = 478*l - 16548. Let z be u(46). What is the greatest common divisor of z and 576?
64
Let z(y) = 3*y + 104. Let h be z(-3). Suppose 0 = 3*x + 12, 0 = -2*g + g + 3*x + 43. Let t = 50 - g. What is the highest common factor of t and h?
19
Let t(b) be the first derivative of 45*b + 1/3*b**3 - 6*b**2 - 10. Let n be t(6). What is the highest common factor of 9 and n?
9
Let d = 273 - -896. Calculate the highest common factor of 7 and d.
7
Suppose 15*h = 1002 + 138. Let u = -432 - -470. Calculate the highest common divisor of h and u.
38
Let c(v) = 750*v + 3803. Let f be c(7). Calculate the highest common factor of f and 11.
11
Let o be 10 + (12849/12 - (-1)/4). Calculate the highest common factor of o and 529.
23
Let m = 68 + 20. Suppose -3*i - 63 + 325 = -5*a, 0 = -i - 2*a + 80. Let v = -73 + i. What is the highest common divisor of m and v?
11
Suppose -4*u - 135*u + 67800 = -19*u. Calculate the greatest common divisor of 226 and u.
113
Suppose -3*t + 5*l + 16 = 126, 4*l - 109 = 3*t. Let c = 33 + t. Let q = 17 + c. What is the highest common divisor of 5 and q?
5
Let y(h) = h**2 + 15*h - 66. Let v(o) = -5*o - 42. Let l be v(-4). Let g be y(l). Calculate the greatest common factor of g and 8.
8
Let j(q) = -87*q + 285. Let x be j(-11). Calculate the highest common factor of x and 108.
54
Let d be 5*35*172250/1855. What is the greatest common factor of 50 and d?
50
Suppose -2*g + 431 = -5*t, 4*g - 4*t + 342 = 1234. Let v be ((-8)/6)/(308/(-4389)). What is the highest common factor of g and v?
19
Let j be (-1120)/(-4) + 2 + 603/(-67). What is the greatest common factor of 9750 and j?
39
Suppose 32*d = 27*d - 41*d + 1978. Calculate the greatest common divisor of d and 34271.
43
Suppose -2*z + 3*z = 3. Suppose b = -m + 15 - 12, 2*m - 6 = 2*b. Let r be (3 + 3 - -2) + m/z. What is the greatest common divisor of 27 and r?
9
Let l be 80/(-24)*3 + 721. What is the greatest common factor of 474 and l?
237
Let k be 75 + (-158)/54 + 106/(-1431). Calculate the highest common factor of 1692 and k.
36
Let y(x) = -75*x**3 + 4*x**2 + x - 4. Let s be y(1). Let j = s - -174. What is the highest common factor of j and 4?
4
Let o be (-22)/(-2) - -2*(-2 + 0). Suppose 0 = -43*i + 39*i + 308. What is the highest common divisor of o and i?
7
Let b be 1 - -1 - (1*-165 - -5). Let c = -97 - -130. Suppose -d = -2*o + c, 2*d - 4*d + 60 = 3*o. Calculate the greatest common divisor of b and o.
18
Suppose 12 = 79*h - 80*h. Let p be -1 - h/(-4)*-1 - -79. Let a be -2 - (-1 + 1 - 56). Calculate the greatest common factor of a and p.
27
Let x be 10*33*(-4)/(-6). Let k(r) = 59 + 68*r + 7 - 72*r + 6. Let u be k(13). Calculate the greatest common factor of x and u.
20
Suppose -3*w = -93 + 57. Let l be 188/16 - (9/w - 1). Calculate the highest common divisor of l and 66.
6
Let x = 1036 + -510. Let h = 581 - x. Suppose 3*y + 2*i = 1330, -3*y + i + 1305 = -2*i. Calculate the highest common divisor of h and y.
55
Suppose 1103*z = 544*z + 548*z + 715. Calculate the greatest common divisor of 208 and z.
13
Let i(b) = b + 1. Let c be i(-1). Suppose c = 7*m - 8*m + 2. Suppose -2*h = m*v - 100, 2*h - 4*h - 212 = -4*v. Calculate the highest common divisor of 13 and v.
13
Suppose 4*c + 5*x - 1555 = 0, -4*c = -8*c + 5*x + 1565. Calculate the greatest common factor of 546 and c.
78
Suppose 127*l - 1754 = -230. Let i = 5 + 34. Calculate the highest common divisor of l and i.
3
Let r(k) = 4*k + k + 15 - 3*k - 11. Let x be r(-2). Suppose -75 = -x*c - 5*c. Calculate the greatest common divisor of 10 and c.
5
Let q be (-29 - -23)/(((-6)/(-12))/((-1)/6)). What is the greatest common factor of 1220 and q?
2
Let b(f) = -12*f**2 - 10*f - 35. Let s(k) = 18*k**2 + 16*k + 52. Let a(z) = 7*b(z) + 5*s(z). Let h be a(-2). What is the highest common divisor of h and 779?
19
Suppose 0 = 38*v - 21541 + 2693. What is the greatest common divisor of v and 32?
16
Let h(k) = -2*k**2 + k + 84. Let q be h(-6). Let t(x) = -x**2 + 12*x - 33. Let f be t(q). What is the highest common divisor of 57 and f?
3
Let i = 20581 - 20553. Let l be (25/(-10))/((-1)/(-24)). Let v = l - -130. Calculate the highest common divisor of i and v.
14
Suppose 7 = 3*k - 2*d, 9*d = 4*k + 5*d - 12. Let n(s) = -5*s + 5*s + 4 + s**2 + s. Let l be n(0). Calculate the greatest common divisor of k and l.
1
Let l(r) = -11*r - 8. Let d be l(-1). Suppose -d*m = -5*x + 134, 0 = x - 0*x - 5*m - 18. What is the greatest common factor of x and 7?
7
Let n(k) = k**2 - 29*k + 201. Let p be n(23). Calculate the highest common factor of 2415 and p.
21
Let k(f) = -39*f - 1348. Let r be k(-36). What is the highest common factor of 48 and r?
8
Let o(c) = c**3 - 14*c**2 + 2*c - 27. Let y be o(12). Let t = -219 - y. What is the greatest common divisor of 24 and t?
24
Suppose 0 = 4*d + d. Let a be (40/120)/((-2)/(-12)). Suppose 242 - 26 = a*z - 5*k, 4*z + 2*k - 432 = d. What is the greatest common factor of z and 12?
12
Let i be (-13 - -5)*4326/24*138/(-12). What is the highest common factor of 46 and i?
23
Let s = -275 + 387. Suppose 39*h - 94 = 36*h + 5*j, -4*h + 108 = 2*j. Calculate the highest common factor of s and h.
28
Let u = 2195 + -1942. What is the greatest common divisor of u and 621?
23
Suppose 8*f = 15*f - 476. Let k = 4030 - 3979. What is the greatest common factor of k and f?
17
Suppose 3*v + 9 = 0, -24*n + 23*n - 4*v + 2563 = 0. What is the highest common factor of n and 25?
25
Suppose -88817 + 942044 + 446073 = 142*d. Calculate the highest common divisor of 60 and d.
30
Let r = 10067 + -9992. What is the greatest common factor of 4425 and r?
75
Let b be (1914/10 - -26) + 6/10. Calculate the greatest common divisor of b and 1417.
109
Let z = -55 - -46. Let j(b) = 4*b**2 - 13. Let v be j(z). Suppose -69 - v = -4*u. Calculate the highest common divisor of 38 and u.
19
Suppose -53*f = 422 - 14271 - 20495. What is the highest common factor of 3483 and f?
81
Let r = -6405 - -7381. Calculate the highest common factor of 854 and r.
122
Let a(j) = -11*j**2 + 461*j + 172. Let f be a(42). What is the greatest common divisor of f and 940?
10
Suppose 0 = -4*h + 212 + 28. Let v(f) = -292*f - 21464. Let n be v(-74). What is the greatest common divisor of h and n?
12
Suppose -13898 + 13768 = -5*k - 8*k. What is the highest common factor of 900 and k?
10
Suppose 2304 = 3228*l - 3216*l. Let d = 10 + 2. What is the greatest common divisor of d and l?
12
Suppose k - 3*k = -12. Suppose 2*o - 391 = -5*u, -382 = -3*o - u + 224. Let m = o - 191. What is the highest common factor of m and k?
6
Let s = -353 + 356